+ 9 + -2.
-22
Calculate -4 + -3 + (1 + 6 - -3) + 24.
27
Evaluate -18 + (17 - 5) + -24 + 15.
-15
-28 + (-1 - -3) - (-1857 - -1856)
-25
Calculate -3 + (15 - 3) + -5 - 1.
3
What is the value of 12 + (-23 - (21 + -17))?
-15
What is -9 + 4 + -4 + -7 + 9 + 4?
-3
What is 12 - (-10 - -16) - (1 - -1 - 0)?
4
What is 29 + (-26 - -15) - 24?
-6
What is (-11 - (-5 + 8 - 6)) + 4 - -21?
17
What is -4 + -5 + 3 - (-9 - (10 - 20))?
-7
What is the value of -17 + -11 - (-29 - -2)?
-1
Calculate (-4 - 0) + 4 - (15 - (11 + -10)).
-14
Calculate -2 - (2 - 0) - (-46 + 23 + 20).
-1
Calculate (-4 - (-6 - -14)) + 21 + -8.
1
8 + -7 + (7 + 17 - 8) + 1
18
Calculate -16 + (-2 - -37) - 23.
-4
Evaluate -1 + -3 + 1 + (22 - 17) + 4.
6
Evaluate -1 - 4 - ((8 - (8 - -4)) + -3).
2
Evaluate (6 - 7) + -14 + 5 + 5.
-5
Calculate 48 - (-70 - -104) - (42 + -1).
-27
-9 + 0 + 0 + 3 - (0 + -14)
8
11 + -3 + (-71 - -45)
-18
What is 49 + (18 - 48) + -5?
14
What is (0 + -6 - (3 + -24 + 2)) + -5?
8
What is (-2 - (21 - 17)) + 0?
-6
What is -31 - (6 + -9 + -16)?
-12
Calculate (-12 - (-18 + -5)) + (1 - -1 - 6).
7
Calculate (-22 - 1 - -48) + -21 + 18 + 0.
22
What is -45 + (137 - 84) - (10 + -1)?
-1
18 - 20 - (-1 - -2 - (-3 - 2))
-8
What is the value of -15 + 11 + (-1 - -7) + 5?
7
Evaluate (-12 + 0 - -7) + 5 - (-1 + -12).
13
What is 20 - -1 - (1358 + -1329)?
-8
Calculate (14 - 17) + -2 + -1.
-6
What is 15 + -7 + (-5 - (-13 + 9))?
7
What is -4 - ((0 - (-6 - -26) - 0) + 1)?
15
What is -15 - (-115 + 112 + 0 + -18)?
6
Calculate 45 + 16 + -34 + 2 + 0.
29
What is the value of -29 + -27 + 41 + 7?
-8
What is the value of (-58 - -37) + 24 + -7?
-4
Evaluate -2 - (-13 + (-12 - (-14 + 7 + 1))).
17
(-9 - -1) + 19 + -14
-3
Evaluate 48 + -16 + -3 + -43.
-14
Evaluate (-62 + 15 - -41) + 16.
10
What is (-12 - (-4 - (-2 + 4))) + -1 + 20?
13
1 - (2 - (4 - (3 + 4)) - -10)
-14
10 + 1 + (12 - 8)
15
Calculate -11 - (-20 - -14) - (11 - -1).
-17
What is the value of -9 + 5 + (-4 - -8) + -13?
-13
(-28 - (-11 - 16)) + -25 + 1
-25
What is (34 - 18) + -10 + 0 + 1 + 13?
20
Evaluate (15 - (19 - 22)) + 6.
24
What is (2 + 1 + -5 - 3) + (45 - 34)?
6
Calculate 65 + -6 + -64 - (-8 + -2 - 0).
5
What is the value of 16 - 0 - (33 + (-51 - -22))?
12
What is -11 - (-31 - (7 + -14))?
13
Evaluate (-28 + 41 - 19) + (-14 + -1 - -1).
-20
What is (-8 + 17 - 5) + -12 + 1?
-7
(-66 - -37) + 62 + -35
-2
-7 - (-19 - (5 - (2 - 0) - 5))
10
What is the value of 1 - (-11 + (-2 + 12 - (19 - 5)))?
16
What is 0 + 17 + (-40 - -10 - -30)?
17
Calculate (-3 - (2 + 2)) + (-15 - 5) + 48.
21
Evaluate 11 + (-7 - -1 - 8) + (0 - -4).
1
What is the value of -6 + (39 - 26) + -13 + 1 + 1?
-4
What is -233 + 256 + (0 + 1 - (1 - 0))?
23
-4 - (-15 - -31 - 19)
-1
What is (3 - -31) + -23 + -23?
-12
What is the value of (-14 + 3 - -19) + (5 - 4 - 9)?
0
What is (2 - (21 + -7 + 4)) + 9?
-7
Calculate (148 - 168) + (-1 - (-1 + (0 - 3))).
-17
Evaluate 28 + (7 - 27 - 26).
-18
Evaluate 15 + 8 + (8 - (-2 + 21)) - 4.
8
-17 - (3 - 11) - (3 + -19)
7
What is the value of -4 + 0 + 2 + 14 + (-20 - 3)?
-11
731 + -683 + -80 + 3
-29
What is 13 + (6 - 17) + 4 + -45?
-39
Calculate (6 + -2 - -1) + (8 - (29 + -20)).
4
(8 + -11 - -2) + 4
3
What is -8 + -22 + (-6 - -24 - 15)?
-27
Calculate -2 + 2 - 7 - (496 + -500).
-3
What is -2 + (0 - (2 + 8 - 11)) + 16?
15
Evaluate -11 + (4 - 4) + 5 + 24.
18
What is the value of -11 - (-3 - -11 - 15)?
-4
What is -1919 + 1920 - (12 - 0 - 1)?
-10
Calculate (-1 + -8 + -1 + 7 - 4) + 7.
0
Calculate 0 + -5 - (-4 + (4 - -1)).
-6
14 + (-21 - (-20 + -3)) + 0 + 1
17
(6 - 16) + 14 + -7
-3
Evaluate -20 + -8 + (-8 - (-7 - -1) - -10).
-20
(4 - 1) + (161 - 165)
-1
Evaluate 1 + (3 - 14) - -6.
-4
What is the value of (5 - 5) + 7 + -1 + 7?
13
What is -7 + (1 - (11 + -18))?
1
What is the value of -2 + (14 + -12 - -10)?
10
Calculate 6 + -6 + 4 + 7 + -1.
10
What is the value of 149 - 145 - (8 + 0)?
-4
Calculate 1 + (4 - -1 - 6) + 0.
0
What is the value of 0 + 10 + (-30 - (-14 - -6))?
-12
Evaluate -7 - ((4 - -4) + (-12 - (-6 - -1))).
-8
What is 4 + 0 + 1 + -9 + 10?
6
(5 - (-1 + 8)) + 22 - 9
11
2 + (9 - -36) + -26
21
Calculate 2 + (-1 - (6 + -5 + 4)) + 9.
5
What is -2 + 17 + -10 + 17 + -17?
5
Calculate 10 - (4 + 7 + 5).
-6
20 - 19 - (4 - (0 + 15))
12
What is the value of 9 - 2 - 7 - ((-1 - -3) + -3)?
1
Calculate (-52 + 66 - -10) + (3 - 4 - 10).
13
What is the value of 15 + -2 + 2 + (4 + -9 - -12)?
22
Calculate 28 + -16 - (5 - -24) - -38.
21
Evaluate -12 - (13 - 25) - 9 - 12.
-21
Calculate 9 - ((-3 - 5) + (-14 - -44)).
-13
What is 47 + 4 + -45 - (-27 - -1)?
32
Calculate (0 - 13) + -26 + 56 - (-2 + 4).
15
Evaluate -38 - 0 - (400 - 436).
-2
Evaluate (11 + -12 - -2) + 2 + 8.
11
Calculate 5 + -2 + -7 + (4 + 8 - 1).
7
What is the value of 11 - 4 - (-6 - (-14 + 12))?
11
Evaluate 1 + (13 - 15 - (2 - -15)) + -1.
-19
Calculate (10 - -6 - 9) + 2 + 1 + 4.
14
What is the value of 18 - (-29 - -29 - (-12 - -1))?
7
What is the value of 13 - (-5 + 12 + (2 - 12) + 7)?
9
Evaluate (-3 - -7 - (1 + 2)) + -1 + 5.
5
12 - (44 + -47) - (1 - (0 - -3))
17
Evaluate -1 - (-4 - -16 - 2 - 22).
11
What is 639 - 667 - (-3 + -23)?
-2
(-57 - -41) + (2 - 1)
-15
What is the value of -32 + 27 - (3 - 9)?
1
Calculate (14 - 14) + -2 + 10.
8
8 + -19 - (-7 + (10 - -3 - -2))
-19
What is the value of 8 + (-3 - -9) - (-35 - -40)?
9
Calculate 73 + -67 - (0 + 0 + (-4 - 1)).
11
Calculate 9 + (-9 - -3) - 4.
-1
What is -15 + 2 + (5 - (7 - 1 - 2))?
-12
What is -10 + (-9 - -5) - 0 - -6?
-8
Evaluate 5 - (-8 + 7) - (-15 + 24).
-3
11 + -26 + 7 + -10
-18
What is the value of -44 + -14 + 30 - (-2 - 4)?
-22
What is 38 + -7 + -3 + -15?
13
Calculate 254 - 246 - (4 + -2) - (2 - -1).
3
Evaluate 37 - (36 + -16) - (6 + 5).
6
Evaluate 10 + -1 + (-26 - -26 - 5).
4
Calculate -4 + 9 + -7 + (14 - 0).
12
What is the value of -37 + 48 + -8 + -1 - -4?
6
What is the value of -1 - -8 - (-3 - (-9 + -3 + 10))?
8
What is (-12 - -27) + -6 - 27?
-18
Evaluate (-7 - 10) + 2 - (-1 + -8).
-6
Evaluate -18 + 6 + -13 + 1 + 11.
-13
What is the value of -2 + -3 + -7 + -10 + 16 - -4?
-2
What is the value of 409 + -415 + (27 - 1)?
20
What is 8 + 1 + (3 - 0) + -24 - 3?
-15
Evaluate 9 + 1 + 0 + (-8 - (13 + -23)).
12
Calculate 7 + -1 - (-9 - ((-2 - -3) + -5)).
11
What is the value of -10 + (22 - 11) - -8?
9
What is -8 + 1 + (-3 - (-1 + 3 - 3))?
-9
Evaluate 3 + 9 + -3 + 3 + -29.
-17
What is -4 - ((-5 - 3) + 2)?
2
Calculate -50 + 12 + 4 - (-1 + 7 - 17).
-23
What is the value of -11 + (-16 - -8) + 24?
5
-5 + 0 - (-11 + -6 - 1)
13
Evaluate 4 - (-20 - (-18 - -1)).
7
What is the value of 7 + (17 - 23) + -16 + 9?
-6
Calculate -279 - -300 - (-15 + 6 + -3).
33
23 + (-12 - -4) + -26 + -15
-26
25 + (12 - (-6 - -5) - 12)
26
What is 19 + 26 + 4 + -22 + 2?
29
What is (25 - (40 - -25)) + 7?
-33
Calculate -25 + 5 + 1 + 3 + 3.
-13
Calculate 19 - (7 - -10) - 18.
-16
Calculate 1 + (1 - (-1 - (0 - 0)) - -3).
6
Calculate 5 - (2 + 1) - (17 - (33 + -3)).
15
What is 11 - 11 - 9 - -10?
1
Evaluate -24 + 15 - (9 - 5).
-13
Evaluate (-8 - 4) + 3 + 1.
-8
(0 - -8) + -487 + 495
16
Calculate (-7 + 21 - 13) + (-2 - -1) + -7.
-7
What is the value of (2 - -6) + (12 - 0) + 2 + -43?
-21
Evaluate (8 - 26) + (23 - -11).
16
What is the value of -1 - (-16 + 10 - (1 + -7)) - 1?
-2
10 - 16 - -19 - 11
2
What is -14 - (13 - (5 - -5)) - (-1 - -5)?
-21
What is (-11 - -1) + (9 + -19 - -14)?
-6
-7 + (7 + -13 - -7) + -4 + 6
-4
(0 - 1 - 6) + -182 + 174
-15
What is -456 + 479 + 1 + -23?
1
What is 31 + 2 + -4 + -5?
24
What is the value of -15 - (-2 + (1 - (0 - -1) - 2))?
-11
What is the value of (-8 - ((-8 - 0) + 2)) + (45 - 53)?
-10
What is (-45 - -20) + 35 + 15?
25
What is (3 - 2) + 11 + -10 + -5 - 1?
-4
What is the value of (-13 - 6) + -3 + 11?
-11
Evaluate 1 + (-27 - -1) + (-58 + 38 - -26).
-19
Evaluate -1 - -4 - (34 + (-41 - -11)).
-1
Evaluate (145 + -142 - (3 - 1)) + -35.
-34
31 + (29 - 8) + -53
-1
(-3 - (10 - -2)) + 11
-4
Calculate -28 + 47 + -7 + -19.
-7
Calculate -5 - (1 - -4 - (-31 - -32)).
-9
Calculate -17 - ((147 - 187) + -2 + 20).
5
Calculate -44 - ((-28 - 23) + 25).
-18
-39 - ((-96 - -8) + 41)
8
What is the value of 21 - (-8 + 15) - 4?
10
Calculate 1 + 47 - (-61 + 89).
20
What is the value of -4 + (5 + 3 + 7 - 3)?
8
Calculate -3 + 0 + -3 + 1 + (10 - 10).
-5
What is 6 + -7 + (-9 - -5 - -13)?
8
(5 - (0 - 0 - 5)) + (87 -